- 3) - 10.
-11
What is 10 + -23 + (-1 - 6 - 4)?
-24
34 - 0 - -4 - 52
-14
Evaluate -10 + 9 - (-4 - (0 + -2)).
1
Evaluate (40 - (8 - -23)) + -10 + 1 + -4.
-4
What is (128 - 143) + (-1 - (3 + -7))?
-12
What is -7 + 19 + (4 - 11) + 0 + -3?
2
Calculate (-2 - 0) + 4 - (-16 - (-26 + 15)).
7
What is -13 + 1 - (-15 + 1 + (-4 - -11))?
-5
Evaluate 30 - (-49 + 16 - -57).
6
Evaluate -6 + 16 + -21 + 4.
-7
What is the value of 3 + (4 - -4) + 0 + -7?
4
Calculate 5 + 1 - 14 - (-2 - 1).
-5
What is -11 - (-6 - (-2 + 0) - -9)?
-16
What is the value of 12 + -4 + 2 + (109 - 117)?
2
Calculate (-5 - (-1 - 2)) + 4 + 0 + 6.
8
Calculate (1 - -15) + -691 + 684.
9
Calculate -6 - (20 - (-11 + 25)).
-12
4 - (2 + 0) - (14 - -3 - 14)
-1
Calculate -14 - (5 - (-16 + 7 + 15)).
-13
Calculate (-7 - 0) + -8 - -19 - 6.
-2
2 - (-2 - -6) - (8 - 17)
7
Evaluate 0 + -1 + 47 + -22 + 6 - 8.
22
7 + -3 + (-3 + 1 - 0) + -4
-2
Evaluate -33 + 48 + -18 + 29.
26
(-1 - 12 - -10) + 2 - (1 - -8)
-10
Evaluate -33 + (8 - -7) + -4 - -2.
-20
Evaluate (-3 - -7) + (4 - (-2 - -2)) - 37.
-29
Evaluate 0 + 5 + 3 + -4 + (0 - 8).
-4
What is -105 + 62 - -63 - (12 + (-1 - 0))?
9
Evaluate -11 + 20 + 6 + -13 + 5 + 1.
8
Evaluate 1 + (-14 - -18) + 7.
12
What is the value of -1 + (-8 - -8) + -5 + -3?
-9
22 - (38 + -24 + 10 + -14)
12
What is the value of (7 + 10 - 14) + 2?
5
(35 - (-5 + 14)) + -10
16
What is -28 + 27 + -32 - -28?
-5
Calculate -4 + (-10 - -9) + -2 + 5.
-2
What is the value of (-4 - (-6 - 3)) + (-15 - -2)?
-8
Calculate 8 + 2 + -31 + 33 - (5 - 5).
12
Evaluate (-3 - -17) + (-16 + 11 - -9).
18
What is the value of -40 - (-36 - 39) - 3?
32
-29 + 1 - (-426 - -381)
17
Evaluate 10 + (-47 - -36) + (4 - (-1 + 0)).
4
Calculate -3 - (2 - 5 - -5) - (-5 + 0).
0
Evaluate 3 + -9 + -5 + 13 + -1.
1
Evaluate -22 - (9 + (-1 + 0 - 8)).
-22
Evaluate 1 + 7 + (53 - (65 + -21)).
17
What is 314 - 303 - ((0 - -4) + 1) - -9?
15
Evaluate 4 + -17 + 20 + 7 + (3 - 3).
14
-12 - (-14 - 7) - 7
2
What is -1 + 3 + 7 + 6 - 13?
2
Calculate -2 + 5 + (-83 - -61).
-19
What is 15 + 6 + -2 - 12?
7
What is -9 - (-3 + 10) - -13?
-3
-4 + (8 + -16 - -12) - -16
16
Evaluate (-6 - (-21 + 1)) + -32.
-18
What is (-1 - (-8 - 7 - -1)) + -5?
8
What is the value of 14 + -25 + 1 - 0?
-10
Evaluate 2 + -8 - (7 - (12 - -3)).
2
-217 - -235 - (-1 - -12)
7
Evaluate (21 - 5 - 3) + (-1 - (5 - 0)).
7
What is the value of 7 - (26 - 4 - 4)?
-11
Evaluate (9 + -4 - 1) + 11 + -2.
13
What is the value of 9 + -2 + -18 + 0 - -3?
-8
Evaluate -14 + (3 - 0) - (-22 - 14 - -27).
-2
0 - (26 - (10 - -10))
-6
Calculate 3 + 0 + -16 + 1 + 20.
8
Evaluate 2 - 1 - (-20 + (-12 - -16)).
17
4 + 2 - (12 + -3)
-3
-10 - (7 + (-18 - -9) + 8 + -9)
-7
What is the value of 1 - 8 - (-2071 - -2097)?
-33
What is -17 + 7 - (-3 + -3 - 2)?
-2
What is the value of (22 - 56) + 35 + 1 + (1 - 0)?
3
What is (13 + -4 - 20) + 36 - (-1 - -2)?
24
Evaluate (21 - (-33 + 44)) + 1 + -37.
-26
Calculate 16 - (19 + 2) - (-2 + 3 + -11).
5
Calculate -4 + -1 + 53 + -63.
-15
What is (-1 - 3) + -20 + 42 + -19?
-1
Calculate 4 + 2 - ((20 - 12) + -14).
12
Evaluate 5 + -1 + 6 + -11 - 7.
-8
Evaluate -92 + 77 - (12 - 19).
-8
What is (-12 - -26) + (-27 - 1)?
-14
What is the value of (-18 - (29 - 55) - (1 - -4)) + 2?
5
What is 2 + 10 + 9 + -12?
9
Evaluate -1 + (10 + -4 + 4 - 1).
8
129 - 117 - (-1 + 23)
-10
(40 + -23 - -14) + -17
14
Calculate 12 + -8 + (2 - (-8 + 11)) + 3.
6
(-1406 - -1380) + (-1 - -9)
-18
What is the value of 16 + (0 - 0) + -7?
9
Calculate 5 + 6 + (10 - 1 - 18) - -23.
25
13 + -17 - (0 + -6 + 17)
-15
Evaluate 7 - (9 + 0 - (76 - 95)).
-21
What is -16 + 26 + 28 + -52?
-14
Calculate (40 - 16 - 32) + 1 + -15.
-22
What is 0 - 8 - (26 + -12 - (35 - 2))?
11
Calculate -13 + 1 + 14 + (12 - (7 + 12)).
-5
7 + -4 + 1 + -2 + -9 - 5
-12
What is 3 + 5 + (-56 - (6 + -31))?
-23
Calculate 112 - 130 - (-12 - 1).
-5
What is -1 + 8 - 19 - -20?
8
What is 1 + 9 - (21 + 4 - (13 + 21))?
19
What is -3 - (12 + -11 + -6 - (-2 - 1))?
-1
What is the value of (-24 - -4 - (2 + -13)) + 9?
0
Calculate 14 - 1 - (6 - (2 - 0)) - -4.
13
Calculate 2 + -19 + 16 + -2.
-3
What is -110 + (-37 - -68) + 41?
-38
Evaluate -1 - (-10 + -8 - (4 + (-8 - -7))).
20
What is -2 - 16 - ((-49 - -53) + (-4 - -6))?
-24
What is the value of 10 - 8 - (-12 + (-1 + 7 - 1))?
9
What is -3 + (22 + -12 - 48) - -7?
-34
Evaluate 2 - -33 - (-298 + 363).
-30
What is the value of 7 - -6 - 16 - 1?
-4
Calculate -26 + (-6 - -19) + 11.
-2
-2 - (4 - ((-2 - -7) + 0))
-1
Calculate -2 + 2 + 2 + (82 - -14 - 76).
22
What is 15 + 1 - (10 + -32 + 27 - 9)?
20
755 - 767 - (-31 + 2 - -2)
15
What is the value of (-13 - -9) + 5 - -3?
4
Calculate 2 - (-13 - -13 - -31 - (2 - -3)).
-24
What is the value of -6 - -1 - (-9 + 6 - -6)?
-8
6 - 1 - (-19 + 40 + -29)
13
What is the value of -2 - (10 + (-4 - 3) - (-9 - -14))?
0
-3 + 2 + -1 + -57 + 65
6
What is the value of 18 + 9 - (59 + -62)?
30
Evaluate 1 - (0 + 32 + 2) - (27 + -36).
-24
Calculate (-5 - (8 - (3 - -23))) + 11.
24
0 + -5 + -3 + (7 - 0)
-1
What is the value of -6 - (41 - (28 + -6))?
-25
What is the value of -24 + 36 + 9 + -9?
12
7 + -5 + 6 + -24 + 11
-5
What is 16 + (-8 - (20 - 0))?
-12
-4 - 26 - ((-8 - 4) + 3 + 5)
-26
What is (14 + 3 - 7) + 5 - (0 - 3)?
18
What is the value of -5 + (-1 - 5 - (123 + -131))?
-3
-2 + (-2 + 2 - (6 + -16 - -2))
6
Calculate 1 - ((56 - 20) + (4 - 20)).
-19
6 + (-12 - (1 + 7)) + (5 - -2)
-7
Calculate -44 + 71 + -14 + (2 - -4 - -2).
21
Evaluate -13 - 29 - (-81 - -54).
-15
Calculate (5 - -13 - 61) + (1 + -1 - -7).
-36
Calculate -29 + -4 + 22 + -7.
-18
Calculate (13 - 6 - 9 - -4) + -4.
-2
What is the value of 2 - (1 + 5 - (-13 - (18 + -37)))?
2
Evaluate 1 - (-7 + -2 - (-47 + 36)).
-1
What is 12 + (-7 - 53 - (8 - 17) - -7)?
-32
Evaluate 0 - -5 - (-247 + 252).
0
What is the value of (-59 - (-25 - -3)) + 26?
-11
(15 - 33) + (0 - (-4 - -4) - -2)
-16
Evaluate 5 + 1 - ((9 - 4 - -4) + -2).
-1
-4 + -3 - (4 + (-24 - -6))
7
Calculate -6 + (5 - -1) + -12 + 0.
-12
-14 + (21 + 10 - 23)
-6
Evaluate (3 - 0) + (-213 - -196 - (-27 + 1)).
12
Evaluate 14 + -1 - (-3 - 7) - 1.
22
What is the value of 71 - (13 + 29) - -9?
38
What is -12 + 2 + 3 + 3 + -8 + 4?
-8
Calculate 11 - (1 + -5 + -152 + 148).
19
Evaluate (0 - (0 + 11)) + 9 - 0.
-2
Evaluate 44 + -31 + 3 + 0 + -6 + -3.
7
Evaluate (-1 + 4 - (-12 + 8 + 25)) + 5.
-13
What is the value of 8 - ((2 - 16) + 6 - -18)?
-2
What is (0 - 6) + -39 + 57?
12
Evaluate -19 + (4 - (-14 - -19)) + (2 - -2).
-16
7 + 1 + -17 + (-104 - -110)
-3
61 - 57 - (-6 - 1)
11
What is 1 - (-6 + -7 + (1 - 4) + 22)?
-5
What is -11 + (-5 - (8 + -22))?
-2
What is -34 - (-83 + 44) - (16 + 3)?
-14
What is -1 + (11 - 6) + -2 + 11 - 2?
11
What is the value of -139 + 151 + 2 + -41 + 12?
-15
What is (21 + -18 - (1 + 3)) + 8?
7
Evaluate (1 - -19) + -3 - (5 + -1).
13
What is the value of (-134 - -116) + 15 + 0?
-3
Calculate (-20 - -4 - -3) + 1.
-12
Calculate (-3 - 16) + 14 - -2.
-3
Evaluate -2 - 10 - (-8 - (-7 - -6)).
-5
What is 9 - (27 + (-2 - -2) - 7)?
-11
Calculate 17 - (-7 + 92 - 46).
-22
What is (-13 - 6 - -12) + 7 + 19?
19
What is the value of (-12 - -29) + (4 - 14)?
7
What is the value of -87 + 90 + (0 - (0 - 1)) + -17?
-13
What is the value of (-34 - -15) + 14 - (1 - -2) - -9?
1
What is the value of (-1 - 2) + -42 + 43 + (-1 - 10)?
-13
What is (-23 - -38 - (1 + 8)) + (4 - 1)?
9
Calculate -250 + 222 - (-1 - -7).
-34
What is -11 - (-12 - -19) - (-1 + -9)?
-8
What is the value of -23 - (4 + -37 + 2)?
8
Evaluate -16 - ((11 - 3) + -9 + -7).
-8
(-38 - ((-9 - -10) + -12)) + 9
-18
Calculate (-6 - -11) + -10 + (-13 - -21) + -16.
-13
Evaluate (1 + 10 - -1) + (-60 - -57).
9
-57 + (57 - 16) + -3 + 1
-18
3 - (12 + 4 + 4) - -4
-13
What is the value of (4 - (-4 + 16)) + 6 + -5?
-7
31 - (27 - (-65 + 32))
-29
Evaluate 4 + -1 + 0 + 1 - (-22 - -21).
5
What is the value of 95 + -20 + -33 - 33?
9
-1 + -3 + (16 - 39) + 13
-14
What is the value of -17 - (2 + -20 - (49 + -19))?
31
14 + 1 + -232 + 228 - 36
-25
What is 5 + 8 + -14 + -3?
-4
Evaluate 21 + (67 + -39 - 73).
-24
Calculate 2 - (9 - 1) - -3 - (-11 - 2).
10
What is the value of -1044 + 1050 + -1 + -4?
1
What is the value of -8 + (22 - 1 - 5) - 7?
1
Evaluate -18 - (-21 + 19 - (25 + 1)).
10
What is -20 + 20 + 2 + -1 - -7?
8
Calculate (-2 + 0 - (3 + 3 + -15)) + -4.
3
Evaluate (-6 - -4) + -7 - (22 +